7
Let b = 3 - 2. Let t = b - 0. What is the units digit of -5 - -4 - t*-2?
1
Suppose -5*b - 5*v + 335 = -0*v, -3*b = 2*v - 200. What is the tens digit of b?
6
Suppose -j - 2*w = -6, -j - 7 + 15 = 3*w. Suppose -6*l + j*l = -t - 118, -t + 2 = 0. What is the units digit of l?
0
Suppose -6*k + 27 = -9*k. What is the units digit of 4/(-18) - 128/k?
4
Suppose 3 = 4*k - 17. Suppose -5*d = -4*t + 8, -d - 1 = -k*t + 3*d. Let i = 2 - t. What is the units digit of i?
5
Suppose 0 = -n, 0 = -3*z - 3*n + 11 + 10. Suppose 0*l = 3*l - 2*a + z, 3*a = 15. What is the units digit of l?
1
Let c be ((-4)/(-10))/((-3)/(-45)). Let u = c - 5. What is the units digit of u?
1
Let p(i) = -i**3 - 9*i**2 - 8*i + 2. Let s be p(-8). Suppose s*f - 3 = f. Suppose f*b - 7 = -k, 3*b + 3 - 14 = -2*k. What is the units digit of b?
1
Let t(d) = d**2 - 3*d + 1. Let m be t(4). Suppose 2*x + 3*h - 54 = -x, -m = h. What is the tens digit of x?
2
Suppose 3*y + 25 = -2*y. Let w(z) = -z**2 - 4*z + 5. Let x be w(y). Suppose x = c + 1 - 6. What is the units digit of c?
5
Suppose i - 54 = 95. What is the tens digit of i?
4
Suppose -5*i + 34 - 9 = 0. Suppose -2*x + 6*x - 3*m - 27 = 0, 20 = i*x - m. Suppose h + 0 = x. What is the units digit of h?
3
Let p be (5 - (1 + 2))*-2. Let v be 4*(-3 - 14/p). Suppose -v*a + 30 = -3*c, -5*a + 39 = -4*c - 50. What is the units digit of a?
1
Let k = 7 - 13. Let u = k + 20. What is the tens digit of u?
1
Let h(b) = b - 2. Let o be h(3). Let a(w) = 2*w + 1. What is the units digit of a(o)?
3
Suppose 0 = 2*v - 7*v + 20. Suppose -5*g - 5*t = -85, 27 = 5*g + v*t - 61. What is the tens digit of g?
2
Suppose -3*h + 31 = -4*q, -6 = 2*q - 4*h + 12. Let d(p) = p + 9. Let r be d(q). Suppose x = 4 - r. What is the units digit of x?
2
Suppose -5*y + 203 = -902. What is the hundreds digit of y?
2
Let p be (-2)/(((-1)/(-1))/(-2)). Suppose p*r = 4*b + 16, -4*r = r - 25. What is the units digit of b?
1
Let u = 11 - 4. Let k(t) = -t**2 + 7*t + 6. Let q be k(u). Let j = -3 + q. What is the units digit of j?
3
Let h(u) = 3*u**3 - 4*u**3 + 20 + 0*u**3 - u. Let d be h(0). Suppose d = 2*l + 5*w - 21, 0 = -w + 5. What is the units digit of l?
8
Suppose 6*f = 3*f - 9. What is the tens digit of (f - (-28)/8)*26?
1
Suppose -4*x = x - 130. What is the tens digit of x?
2
Suppose -2*s - 7 = -5. Let d = s + 5. Suppose -w = -2*f + d*f - 5, 0 = -5*f + w + 23. What is the units digit of f?
4
Let n(c) = 95*c**2 + 2*c. What is the tens digit of n(-1)?
9
Let g(z) = -2 + 0*z - 5*z + z. What is the units digit of g(-2)?
6
Let r = 121 - 211. What is the units digit of (6/9)/((-4)/r)?
5
Suppose -3*o = 0, p - 5*o - 85 = 22. What is the tens digit of p?
0
Suppose 6 = 5*k - 3*a - 11, 13 = 5*k - 2*a. What is the units digit of k?
1
Let g(n) = n**3 + 3*n**2 - 8*n + 7. What is the tens digit of g(4)?
8
Suppose 4*f - 112 + 32 = 0. Suppose -z + 3*z + 2*o = f, -10 = -5*z + 5*o. What is the units digit of (1 - -1)*9/z?
3
Let k = 98 - 58. Suppose k = 3*u - 5. What is the units digit of u?
5
Suppose -l + 0*t - t + 152 = 0, 0 = l + 4*t - 158. Suppose y = -y + l. What is the units digit of ((-2)/(-3))/(10/y)?
5
Let i = 118 + -26. What is the units digit of i?
2
Let k(h) = 2*h - 10. Let o be k(8). Let c(w) = w - 5. What is the units digit of c(o)?
1
What is the units digit of (2 - (-1468)/16) + (-2)/(-8)?
4
Suppose 241 = 4*c - 5*v, -c + 18 = 3*v - 21. What is the units digit of c?
4
Suppose 3*z = 5*y, -2*y = -z + 4*z - 21. Suppose -j + 3*j - 94 = 0. Suppose 4*h + 2*w - 44 = 0, z*w - j = -2*h - h. What is the units digit of h?
9
Suppose d + 0*d = -5*n + 10, n = d - 4. Suppose 0 = a - n - 1. What is the tens digit of (a - 0) + (-3 - -13)?
1
Let i(r) = -r**3 + 14*r**2 - 7*r - 16. What is the tens digit of i(12)?
8
Let z(y) = y**2 - 1. Let b be z(0). Let q = 15 + b. What is the units digit of q?
4
Suppose 2*r + 58 = 2*f, 8*f - 149 = 3*f + r. Suppose -3*u + 12 = -f. Suppose 2*b = -0*b + u. What is the units digit of b?
7
Let d = -7 - -8. Let u(o) = o**2 + o. Let p be u(d). Let f = 21 - p. What is the tens digit of f?
1
Let i be (-2)/(-6) - 4/12. Suppose w + 0 - 1 = i. What is the units digit of 7 + w + (2 - 5)?
5
Suppose -p = -5*l - 6*p + 120, -p - 36 = -2*l. What is the units digit of l?
0
Let o(i) = i + 4. Let y be o(-6). Suppose 2*q + 3 = 3*q. What is the units digit of (-3)/q - y - -2?
3
Suppose 0*v + 4*v - 5*l = 11, 2*v - 12 = -4*l. Suppose 4*d = 5*q - 37, 1 + v = 4*q + 5*d. What is the units digit of q?
5
Suppose -3*w = w - 420. What is the hundreds digit of w?
1
Let s be 1*(-2 + 1) + -12. Let y = 52 + s. What is the units digit of y?
9
Let u be (88/12 - 0)*-3. Let v = u - -24. What is the units digit of v?
2
Let r(u) = 3*u + 12. What is the units digit of r(13)?
1
Suppose -5*t + 204 = -t. What is the units digit of t?
1
Suppose -3*m + 31 + 8 = 0. Suppose 5*y - 12 = 3*o + 37, y + o = m. What is the tens digit of y?
1
Let a = 11 + -18. Let f = a + 24. What is the tens digit of f?
1
Suppose -3*x = 2*x - 20. Suppose -x*n - 2*v + 98 = 0, 0*v + 76 = 3*n + 4*v. What is the tens digit of n?
2
Suppose t + n - 25 = 0, 0*t + t = 4*n + 40. Suppose t = -0*s + 4*s. What is the units digit of s?
7
Let m = 62 + 35. What is the units digit of m?
7
Suppose -4 = 5*u + 1. Let g = 3 + u. What is the units digit of g?
2
Let y(m) = -5*m**3 - 6*m**2 - 3*m - 9. What is the tens digit of y(-4)?
2
Suppose -u + 6 - 5 = 0. Let x = u + 11. What is the tens digit of x?
1
Let t = 4 - 2. Suppose -4 = -b + 3*d, 0 = 3*b - 0*b + t*d - 1. What is the units digit of b?
1
What is the tens digit of (-202)/(-8) - (-6)/8?
2
Suppose -2*v + 3*v - 31 = 0. Let z be v - 3*2/6. Suppose 3*p = 5*p - z. What is the units digit of p?
5
Let r(a) = -a + 33. What is the tens digit of r(0)?
3
Let f(b) = -b - 3. Let a be f(-8). Suppose 0 = a*w, 2*m + 10 = 5*w + 26. What is the units digit of m?
8
Let q = 5 - 6. Let r be 7/14*(q - -3). What is the units digit of 57*3*r/9?
9
Let r(z) = -z**2 + 10*z - 8. Let j(c) = c**2 + 5*c. Let s be j(-6). What is the tens digit of r(s)?
1
Suppose -2*m - 6 = -16. What is the units digit of m?
5
Suppose l + 3*f = -4*l + 245, 0 = -4*f - 20. What is the units digit of l?
2
Let f(b) = b - 2. What is the tens digit of f(18)?
1
Let c(d) = -d**3 + 28*d**2 + 42*d - 61. What is the hundreds digit of c(29)?
3
What is the units digit of 1212/28 + 4/(-14)?
3
What is the units digit of (-5)/(70/(-2022)) + 3/(-7)?
4
Let o(f) = f**2 + 17*f. Let u be o(-12). Let s = u + 87. What is the units digit of s?
7
Suppose 9*g = -2*g + 99. What is the units digit of g?
9
Suppose 3*o - 4*q = 23, -3*o = o + q - 18. Let b be -1*2 + 4 + -8. What is the units digit of 4/o*(-15)/b?
2
Let z(g) = -g**3 - 9*g**2 - 2*g - 8. Suppose 2*b + 15 = -3. What is the tens digit of z(b)?
1
What is the tens digit of (-15)/10*2*96/(-9)?
3
Let o(a) = -2*a**3 + 2*a**2 - 1. Let d be o(-1). Suppose -d*x + 0*v + 85 = -2*v, -x = -3*v - 19. Let g = x - 20. What is the tens digit of g?
1
Let h(j) = -2*j**2 - 2*j - 1. Let l be h(-1). Let t = 3 + l. What is the units digit of 1 - (t + 0 + -15)?
4
Let q = 15 - 10. Suppose -4*o + 6 = 3*g - g, -15 = -5*o - q*g. Suppose o = 4*m + 2*w - 2, 3*m + 0*m + 4*w = -11. What is the units digit of m?
3
Let u = 117 - 32. What is the units digit of u?
5
Let x(a) = -105*a + 16. What is the tens digit of x(-2)?
2
Suppose t - 68 + 50 = 0. What is the tens digit of t?
1
Let n = 467 + -78. What is the tens digit of n?
8
Let x(b) = b + 4. Let w be x(0). Let i be (0 - 5)*w/(-5). Suppose -i*a = -2*y + y - 3, 3*y - 1 = 2*a. What is the units digit of y?
1
Suppose -4*c + 3*v = 1 - 33, 0 = -2*v. What is the units digit of c?
8
Suppose 5*h - 4*w + 0*w = -4, -2*h - 4*w = 24. Let i be h + 2 - (-8 - 1). Suppose 3*q = 20 + i. What is the units digit of q?
9
What is the units digit of 2/6 - 11/(-3)?
4
Let v be 13 + (-2)/2*0. Let n(d) = -d + 2*d - v*d - d**3 - 10*d**2 - 12. What is the units digit of n(-9)?
5
Let s(q) = 5*q**3 + 8*q**2 - 8*q + 3. Let v(j) = j**3 + j**2 - j + 1. Let l(f) = s(f) - 6*v(f). What is the tens digit of l(-3)?
4
Let i(w) = w**3 - 5*w**2 + 4*w + 3. Let a be i(4). Suppose 2 = -m + a*m. What is the units digit of 4 + 3 + (m - 1)?
7
Let g = 74 - 14. What is the units digit of g?
0
Suppose -5*m - 781 - 409 = 0. What is the tens digit of (-3)/(-1